rst derivative of -c**4/4 + 5*c**3 - 9*c**2 - 11*c - 11. What is the units digit of h(13)?
3
Let q(l) = -2*l**2 - 13*l - 4. Let f be q(-4). What is the tens digit of (-1485)/(-20) - 4/f?
7
Let f = 441 - 263. What is the units digit of f?
8
Suppose 0 = 2*a - 3*g + 2 + 11, 0 = a + g + 19. What is the tens digit of -8*(255/(-70) - 2/a)?
2
Suppose -97*a - 321 = -98*a. What is the units digit of a?
1
Suppose 3*m - 3*x - 110 = -2*m, -5*m - x + 110 = 0. Suppose -2*v = -4*v - m. Let z(a) = a**2 + 7*a - 16. What is the tens digit of z(v)?
2
Suppose 72 = m + 78. Let x = m + 180. What is the hundreds digit of x?
1
Let x(g) = -g**2 + g + 10. Let p be x(0). What is the units digit of 2/p + 288/10?
9
Suppose v + 41 = j, 2*v - 4*j = -0*v - 76. Let d be 14/(-6)*(-10 + v). Let b = -80 + d. What is the tens digit of b?
4
Suppose f = -74 + 118. Let z(n) = n**3 + 9*n**2 + 4*n - 1. Let h be z(-5). Let k = h - f. What is the tens digit of k?
3
Suppose -3*i - 3*k + 70 - 7 = 0, 0 = -i + k + 17. What is the units digit of i?
9
Let q(i) = -i**3 - 6*i**2 - i - 1. Let k be q(-6). Suppose -301 = -k*x - 36. What is the tens digit of x?
5
Let k(n) be the first derivative of n**3/3 - n**2/2 + 3*n + 4. Let z be k(2). What is the tens digit of z/(2 - 9/5)?
2
Let l(x) = -x**3 + 12*x**2 - 8*x - 15. Let q be 6/39 + ((-167)/(-13) - 2). What is the tens digit of l(q)?
1
Suppose -2*d + 2*y = -2198, -1105 = -d + 7*y - 3*y. What is the thousands digit of d?
1
What is the tens digit of (1146/5)/(52/5 - 10)?
7
Let d(r) = -6*r + 2 + 4*r - 12. Let q be d(-5). Suppose -2*t = 3*a - 28, q*a = -a + 2*t + 4. What is the units digit of a?
8
Let t be (-7)/(3*(-4)/(-60)). Let r = 53 - t. Suppose -i - 124 = -4*b + 4*i, -4*i + r = 4*b. What is the units digit of b?
6
Suppose 5*j + q + q = 2141, -2*j + 850 = 4*q. Suppose 0 = y - 4*t - 143, 4*y + j = 3*t + 1040. What is the hundreds digit of y?
1
Suppose 4*o + 1492 = 5*f, -2*o = 3*f - 2*f - 304. What is the hundreds digit of f?
3
Let y be (-1)/(-5) + (-798)/15. Let s = y + 29. Let i = 34 + s. What is the units digit of i?
0
Let w(h) = 2*h**2 - 31*h + 85. What is the hundreds digit of w(19)?
2
Let r(i) = i**2 + 4*i + 10. Let s be r(-7). Let f = -3 + s. Let j = f + -16. What is the units digit of j?
2
Let j(h) = 45*h**3 - 7 + 2*h + 1 + 5. What is the tens digit of j(1)?
4
Let d = 13533 - 8956. What is the thousands digit of d?
4
Let k(f) = -18 + 4*f + 14 - 20 + f**2. What is the hundreds digit of k(-16)?
1
Suppose 1480 = 2*b - 0*q - 2*q, -4*b = 5*q - 2996. What is the units digit of b?
4
What is the hundreds digit of ((-3368)/(-4))/((-4 + 3)*-2)?
4
Let f = -13 - -17. Suppose -f*w + 39 = p, -4*p + 12*w - 7*w + 198 = 0. What is the tens digit of p?
4
Let n be 1*(1 + -3 - -119). Suppose 2*h - n = -h. Let x = 55 - h. What is the tens digit of x?
1
Let h be 1 - 763*8/(-2). Suppose 2*s - 821 = v, -4*s - 291 - h = 4*v. What is the tens digit of v/(-33) + (-2)/11?
2
Suppose -30422 = 14*v - 28*v. What is the thousands digit of v?
2
Let g = -3 + 14. Suppose 4*o - 240 = -x, o - 5*x + g = 71. Suppose -q = 3*q - o. What is the units digit of q?
5
Let c(f) = 9*f - 133. Let h be c(14). Let s(q) be the second derivative of -7*q**3/6 + 9*q**2/2 + q. What is the units digit of s(h)?
8
Suppose 5*m + c - 4621 - 15354 = 0, -3*m + 11985 = 4*c. What is the tens digit of m?
9
Suppose -812 = -5*b - 227. What is the hundreds digit of b?
1
Let u(a) = -a**2 + 9*a - 6. Let j be u(10). Let s be (j/(-12))/((-1)/(-36)). Let r = s - 25. What is the units digit of r?
3
Suppose 4*p + 5*s = -48621, 0 = 2*p - 2*s - 3*s + 24333. What is the units digit of p/(-84) - 1/(-4)?
5
Let w = 1907 + -855. What is the units digit of w?
2
Let a(c) = c**2 - 8*c + 197. What is the units digit of a(0)?
7
Let d = -137 - -13. Let f = -8 - d. What is the hundreds digit of f?
1
Let v = 41 - 26. Let p = -21 + v. What is the units digit of (p/(-8))/(1/8)?
6
Let m = 583 - 206. What is the tens digit of m?
7
Suppose 2*o - 7*o + 25 = -5*w, -4*o = 2*w - 20. Suppose -47 - 10 = -4*c + n, 0 = -2*c - n + 21. Let z = c + w. What is the units digit of z?
3
Suppose -129*i + 133*i + g = 858, 3*i = -5*g + 635. What is the tens digit of i?
1
What is the tens digit of -2 + -4 + 945/7?
2
Suppose -2*u = 2*m - 1582, -m + 1588 = m - 4*u. What is the hundreds digit of m?
7
Suppose 26 = 164*d - 162*d. What is the units digit of d?
3
Let d(i) = 4*i + 12. Let g be d(5). Suppose -5*r + 393 + g = 0. Suppose 7*t - 90 = -2*n + 2*t, -r = -3*n + 5*t. What is the units digit of n?
5
Let k be ((-44)/(-3))/(16/72). Suppose 3*q - 10 = q, -k = -f - q. Suppose 0 = -5*g + 401 - f. What is the tens digit of g?
6
Let p(x) be the third derivative of 0 + 0*x + 11*x**2 + 0*x**4 + 0*x**3 + 3/10*x**5. What is the units digit of p(1)?
8
Let i = -14 - -17. Suppose -5*q + 5*c = -65, 2*c - 14 = -i*q - 0. Suppose q*n - 80 = 6*n. What is the units digit of n?
0
Suppose -i = -2*i. Suppose -2*y = k + 30, 2*k + 72 = -5*y + 7. What is the units digit of (1 - i) + k/(-5)?
5
Suppose 0 = -11*a + 8*a - 4*u + 1313, 0 = 3*a + 2*u - 1303. What is the units digit of a?
1
Suppose 3*p - 78 = 3*c, -3*c - 2*c = 10. Suppose -p = 6*o - 2*o. What is the tens digit of -3 - (-87)/o*-2?
2
Suppose 4*q = -4*d + 832, 3*d - q = -5*q + 620. Let j = d + -127. What is the units digit of j?
5
Suppose -6*i = -i - 10, -4*l - 3*i + 18 = 0. Suppose 0 = 5*g + p - 278, -g - l*g + p = -226. What is the units digit of g?
6
Let c(k) = 28*k + 2. Let n be 0 + -1 + 2 + 0. Let m be c(n). Suppose 0 = r - 0*r - m. What is the units digit of r?
0
Let q(c) = 15*c**2 - 1. Let t be q(-1). Suppose p = -5*d + 27, 2*d = -2*p - 0*d + t. Suppose -2*i = 4*l + 6, -p*i - l = l + 2. What is the units digit of i?
1
What is the tens digit of (-11689)/(-5) + 41/205?
3
Suppose 6*b - b = -400. Let q = b - -116. Suppose 3*y - q = 3. What is the tens digit of y?
1
Let l be (-3)/(-2)*((-9780)/(-9))/(-5). Let i = -191 - l. What is the units digit of i?
5
Let v be (48/(-15))/(26/3445). Let r = -234 - v. What is the tens digit of r?
9
Suppose u = 3*u - 18. Suppose 5*j - u = -2*w + 7, 2*j = -3*w + 13. Suppose -w*r + 2*r = -4. What is the units digit of r?
4
Let v(u) be the third derivative of -u**4/3 + 5*u**3/6 - 6*u**2. What is the tens digit of v(-5)?
4
Let n be 0 + (0 - 12/(-2)). Suppose 4335 = 11*y + n*y. What is the units digit of y?
5
Let f be (-219)/((-22)/4 - -4). Suppose -5*d - 129 = f. Let l = -11 - d. What is the tens digit of l?
4
Let b = 30 - 33. What is the units digit of b/(3/(-30)*2/5)?
5
Let g(p) = p + 10. Let m be g(-6). Suppose 3*f - 3*t - 12 = -0*f, m*f - t = 10. Suppose -2*o + 78 = f. What is the units digit of o?
8
Let k(p) = 19*p**3 + 6*p**2 - 7*p + 1. What is the tens digit of k(3)?
4
Suppose -5*d = -2*d - 12. Let b be 1 + (d - 3/1). Suppose i - 81 = -b*i. What is the units digit of i?
7
Suppose -3*v - 2*g + 1636 = -3*g, 2*v - 1104 = 4*g. What is the hundreds digit of v?
5
Let t(v) = 162*v - 175. What is the tens digit of t(5)?
3
Let b(z) = z**3 - z**2 + 2*z + 59. Suppose -3*g + 2*j = g + 20, 0 = 2*g + 5*j + 10. Let w be -1 + (-1 - (3 + g)). What is the tens digit of b(w)?
5
Let t be 2/(1 - 44/52). Let a(d) = d**2 - 12*d + 4. What is the units digit of a(t)?
7
Suppose -5*c = 3*p - 132, -3*p + 2*p + 107 = 4*c. Suppose 0 = -3*v + 4*k + c, -3*v = 2*v - 5*k - 50. What is the tens digit of v?
1
Suppose 3*q = 6055 - 193. What is the tens digit of q?
5
Let p be 1/(-1)*144/(-6). Let b be 2 + 210 + 1 + 2. What is the units digit of b/7 - p/(-84)?
1
Let f(p) = -p**3 + 8*p**2 - 9*p. Let h be f(6). Suppose -5*k - 26 = -3*y - 4*k, 0 = -y + 5*k + h. Let i = y + 9. What is the tens digit of i?
1
Let i = 142 - 28. Suppose 0*m + o = -m + 22, -i = -5*m - 4*o. What is the units digit of m?
6
Let h be (27/(-18))/((-2)/(-4)). Let k(v) = -19*v - 15. What is the units digit of k(h)?
2
Let j = 63 + -43. What is the tens digit of (-2)/((-20)/974) + (-8)/j?
9
Suppose -4*b + 15702 = -2*a, -5*b + 24549 = 2*a + 4935. What is the tens digit of b?
2
Suppose 14 = 5*g + 4. Suppose -g*p + 170 = -p. Suppose -4*f = f - p. What is the units digit of f?
4
Let c(q) = -616*q + 27. What is the tens digit of c(-1)?
4
Let r = 1019 + -691. Suppose 0 = 5*p - p - r. What is the units digit of p?
2
Suppose 5*b - 4*a = 8*b - 11948, -2*b - 6*a = 